/12 + y**3/3 + 3*y**2/2 + 3*y - 42. Determine q(3).
0
Let v(d) = d**2 - d. Let o be (-1 - 0)*0/(-6) - -1. Determine v(o).
0
Let u(h) = -4*h**3 + 7*h**2 - 4*h + 9. Let m = -55 + 57. Let t(d) = -d**3 + 2*d**2 - d + 3. Let n(g) = m*u(g) - 7*t(g). Determine n(0).
-3
Let n(c) = c**3 + 9*c**2 - 10*c + 14. Let d(f) = -f**2 - 42*f - 255. Let k be d(-7). Calculate n(k).
14
Let c(s) = s**3 - 10*s**2 - 24*s - 5. Let f = -9 + 21. Let m be c(f). Let u(k) = 2*k - 3. What is u(m)?
-13
Suppose -116*s + 22*s - 72*s = 1162. Let u(i) be the first derivative of -i**4/4 - 7*i**3/3 - i**2/2 + 3*i + 1. Calculate u(s).
10
Let a(x) = -5*x**3 + x**2 - x. Let p = 6 + -24. Let u be (-12)/p - 48/(-9). Let r(j) = j**2 - 5*j - 5. Let t be r(u). Calculate a(t).
-5
Let k(t) be the first derivative of t**4/4 - 25*t**2/2 - t - 49. Determine k(-5).
-1
Let j(b) be the second derivative of -b**3/6 - 3*b**2/2 + 3*b. Let y be j(-6). Suppose -2*s + 5 = -y. Let w(c) = -c + 6. What is w(s)?
2
Let j(f) = -f - 4. Let w = 1 + 4. Suppose -w*h + 93 = -32. Suppose 2*m + 3*m + h = 0. Determine j(m).
1
Let t(v) = -v**3 + 6*v**2 + 4*v + 3. Let s be t(6). Suppose 0 = -2*r + 3*r - 3, -s = -z - 5*r. Let g(m) = 0*m - z + 0*m + m. What is g(6)?
-6
Suppose l - 5 + 7 = 0. Let z be (-84)/(-20) + l/10. Let k(u) = -z - 12*u**2 - 11*u**2 - 7*u + 22*u**2. What is k(-5)?
6
Let l(c) be the third derivative of -c**7/1260 - c**5/120 + 3*c**4/8 - 6*c**2. Let k(h) be the second derivative of l(h). Calculate k(-2).
-9
Let v(h) be the first derivative of -h**5/60 + h**3/3 + 3*h**2/2 + 9. Let q(w) be the second derivative of v(w). What is q(-2)?
-2
Let l(h) = -h + 4. Suppose 41 = 5*f + 11. Suppose -2*s - r + 2 = -5, 2*r = s - f. Determine l(s).
0
Let q(u) = -u**3 + 6*u**2 + 5*u - 2. Suppose 78*d + 30 = 88*d. Give q(d).
40
Let u(s) = -15*s - 7. Let n(k) = -1. Let v(p) = 3*n(p) - u(p). Let w(l) = -7*l - 2. Let a(g) = 3*v(g) + 7*w(g). What is a(-4)?
14
Let x be (1/(-2))/((-5)/10). Let b = -5 + x. Let h(o) be the second derivative of -o**5/20 - o**4/4 + 5*o**3/6 + 3*o**2/2 - 7*o. What is h(b)?
-1
Suppose -4*b = 2*b - 48. Let a(r) = -2*r - 9*r + 6 + 9*r**3 + 1 - 10*r**3 + b*r**2. Calculate a(7).
-21
Let r be 1*(-2 - -1)*-10. Let n = 194 + -192. Suppose n*u + 0*u = r. Let q(d) = d + 2. Give q(u).
7
Let m = 243 + -242. Let h(b) = -b + 1. Calculate h(m).
0
Let g(b) = 206 + 5*b**2 + 2*b**3 + 209 - 629 + 213 + 3*b. Calculate g(-3).
-19
Suppose -4*m = -o + 4, -4*o - 2*m + 51 = -19. Let p be 10/(-12) - o/96. Let g(i) = -i**2 + 1. Calculate g(p).
0
Let c(y) = 4*y**2 - 3*y - 1. Let o(v) = -3*v**2 + 3*v + 1. Let f be 1 + -3 + -1*(1 + 0). Let k(m) = f*o(m) - 2*c(m). Determine k(5).
9
Let g(v) = 9*v + 2. Suppose 2*j - 4 = 0, 2*s + 56*j - 2 = 53*j. Determine g(s).
-16
Let v(h) = 3 - 7*h + 12 - 2 + 1 + 2. Determine v(6).
-26
Let j(r) = 9*r**2 - 12*r - 15. Let h(b) = -22*b**2 + 23*b + 30. Let t(f) = 2*h(f) + 5*j(f). Determine t(15).
0
Let r(a) be the second derivative of a**4/12 - 11*a**3/6 + a**2 - a. Suppose -c + 4*p - 38 = -66, 0 = -5*p - 25. Calculate r(c).
-22
Let n(z) be the third derivative of -z**6/120 - z**5/60 - z**2. Suppose v - p + 6 = 0, 2*v - 153*p = -154*p. Calculate n(v).
4
Let f = 414 + -410. Let i(s) = 1 + 1 - 2*s + s**2 - 7. What is i(f)?
3
Let b = -1812 - -1806. Let j(r) = r**3 + 7*r**2 + 4*r - 2. What is j(b)?
10
Suppose 2*c - 13 + 3 = 0. Suppose -3*z + x - 24 = -2*x, x - 32 = c*z. Let u(d) = d + 3. What is u(z)?
-3
Let w(h) = -2*h + 5. Suppose 5*r - 13 = 7. Suppose r*u - 3*u + 1 = 0. Let m be u*(7 + -1)*-1. Determine w(m).
-7
Let s(g) = g**2 - g - 3. Suppose 0 = 5*f - 2*h - 9, f + 4*h - 21 = -2*f. Suppose f*r + 3 = 2*y, 2*r + 3 = y + 1. Determine s(y).
-3
Let j(q) be the second derivative of -q**5/20 - 5*q**4/12 - q**3/3 + q**2 - 6*q. Let g be j(-2). Let n(k) = -k**3 - 6*k**2 - 2*k - 8. Determine n(g).
4
Let i(a) = -2*a**2 - 13*a - 40. Let u(z) = z**2 + 7*z + 20. Let x(p) = 3*i(p) + 5*u(p). Let m(k) be the first derivative of x(k). What is m(-6)?
8
Suppose 2*w = -0 - 4, 3*w - 6 = -3*b. Let a = 2 - b. Let z(t) be the third derivative of -t**5/60 - t**3/3 + t**2. Give z(a).
-6
Let b be 0 - (0 + 3/1). Let g(u) be the third derivative of -5/24*u**4 + 0*u + 0 + 1/120*u**6 - 2/3*u**3 - 7*u**2 + 1/60*u**5. What is g(b)?
-7
Let i(z) be the first derivative of -z**4/4 + 2*z**3/3 + 100. Give i(-2).
16
Let v(g) = -g - 6. Let m(f) = f**2 - 2*f - 10. Let n(c) = 3*m(c) - 5*v(c). Calculate n(1).
2
Let x(b) = b**2 + 2*b + 1. Suppose -54*f + 52*f = 2. Determine x(f).
0
Let j(q) be the second derivative of q**3/3 - q**2/2 - 28*q. Let m = 6 + -4. Give j(m).
3
Suppose -a - 15 = 3*j + 2*a, -j + 4*a + 20 = 0. Suppose z = -j*z. Let h(l) = -l**3 - l**2 + 1. Determine h(z).
1
Suppose 4*c + 5*q - 52 = 0, -4*c + 5*q + 20 = c. Let h(v) be the first derivative of v**2 - 10*v + 3928. Calculate h(c).
6
Let s(q) = q**2 + 8*q - 177. Let a be s(10). Let f(d) be the third derivative of 0 - 1/8*d**4 + 1/3*d**3 + a*d**2 + 0*d. Calculate f(2).
-4
Let o(c) be the first derivative of -c + 22 - 3/2*c**2 - 2/3*c**3 - 1/2*c**4. Determine o(-2).
13
Let l(h) = 16*h**2 + 15*h + 1. Let t(k) = -9*k**2 - 7*k - 1. Let o(j) = -4*l(j) - 7*t(j). Give o(-13).
-23
Let p(t) be the first derivative of t + 3/2*t**2 - 3. Suppose 3 = 2*y - 1. What is p(y)?
7
Suppose 0 = 5*g - f - 6, 90*g + f = 86*g + 12. Let q(s) = -3 + s + 0 + 0. Give q(g).
-1
Let d(i) = -i - 1. Let j = 6 + 34. Suppose y + 2*f - 16 = -y, -3*f = 5*y - j. Calculate d(y).
-9
Let z(o) = o**3 - 17*o**2 - o + 19. Let g be z(17). Suppose -g*y + 0 = -10. Let h(j) = -j - 6. Give h(y).
-11
Let d(a) = -2*a + 4. Let s(q) = q - 2. Let y(u) = 3*d(u) + 5*s(u). Suppose -3*f + 18 = 3*t, 5*f + 3*t - 27 = -t. Give y(f).
-1
Let c be 1/(-11) - 525/275. Let s(h) = -h**2 + 2*h - 4. Let f(x) = -3*x**2 + 6*x - 11. Let y(a) = -3*f(a) + 8*s(a). Determine y(c).
9
Let z(i) = 5*i**3 + 15*i**2 + 16*i - 3. Let u(l) = 6*l**3 + 16*l**2 + 18*l - 3. Let q(h) = 4*u(h) - 5*z(h). Calculate q(-10).
-17
Let g(b) = -5*b + 4. Suppose -4*i = i + 55. Let a be -1 - i - -1 - 3. Let q be (a - 2)*1/2. Determine g(q).
-11
Let t(u) = -u + 1. Let o be t(-3). Suppose 5*x = 4*x + o. Suppose 4*b = 2*q - 2, -3*q = -x*q + 5*b + 1. Let y(r) = -6*r. Determine y(q).
-6
Suppose -2*a = -2*h - 1 - 3, -3*a + h = -12. Suppose a*o - 3*o + 10 = 0. Let f(p) = -p**3 - 4*p**2 + 3*p - 4. Calculate f(o).
6
Let z(b) = -2*b + 4. Let k be 20/(2 + 2) + -2. What is z(k)?
-2
Let u(q) be the first derivative of -q**3/3 + 8*q - 38. Calculate u(0).
8
Suppose -3*z = -15*z - 60. Let d(g) = -g**3 - 3*g**2 + 8*g + 5. What is d(z)?
15
Let a(z) = 5*z**2 - 12. Let d(o) = o**2 + o - 1. Let n(w) = -a(w) + 6*d(w). Let v = -42 + 62. Suppose -5*l = -3*k - 0*k + v, -3*l - 4*k = 12. Give n(l).
-2
Let m(c) = 3*c + 2. Suppose 0 = -5*y + g - 50 - 530, g - 464 = 4*y. Let l = 112 + y. What is m(l)?
-10
Let h be (-2 - -4)/(-1 + 3). Let y(x) be the first derivative of x**5/60 + x**4/24 + 7*x**3/3 - 2. Let c(z) be the third derivative of y(z). What is c(h)?
3
Let w(g) = -4 + g**2 + 27 - 6*g + 17*g - g. Let m be w(-7). Let s(f) = f - 3. What is s(m)?
-1
Let m(i) = -i**3 - i**2 + i - 1. Let d be ((-4)/6)/(10/(-30)). Let h be d/(-2) + (6 - 1). Suppose 2*p = 6*p - h. Calculate m(p).
-2
Suppose -4*v + 5*z = -25, 3*v + 0*v + 3*z + 15 = 0. Suppose 2*k + 4 = -i, -2*i - k - 3 + 1 = v. Let p(x) = -x + 7. Give p(i).
7
Let s(a) = a + 2. Let p(k) = -4*k**2 + 6 - 10*k + 5*k**2 - 10 + 18. Let w be p(8). What is s(w)?
0
Let b = -32 - -45. Let n(o) = -11*o + 1 + 0 + b*o + 4. Give n(-5).
-5
Let j(n) be the second derivative of -n**5/20 - 11*n**4/12 + 3*n**3/2 - 4*n**2 + n + 276. What is j(-12)?
28
Let u(v) be the second derivative of v**5/120 - v**3/6 - 10*v. Let p(d) be the second derivative of u(d). What is p(-5)?
-5
Suppose -4*y - 10 = -86. Suppose y*i + 87 = 22*i. Let o(u) = -4 + u + 24*u**2 - i*u**2 - u**3 + 2*u**3. Determine o(5).
1
Let k(g) = -g + 2. Suppose -55 = -3*l - 28. Suppose 9*f = l + 27. Calculate k(f).
-2
Let h be 2*3*(-1 - (-25)/15). Let s(n) = -n + 8. Let v be s(h). Let f(c) = c**3 - 3*c**2 - 10*c. Let m(g) = -g - 1. Let k(u) = -f(u) + 6*m(u). Determine k(v).
-6
Let s(w) = -15*w + 9. Let q(f) = -14*f + 5. Let u(h) = 9*h - 3. Let j(t) = -5*q(t) - 7*u(t). Let y(m) = -13*j(m) - 6*s(m). Give y(5).
-7
Le